factors of m(q)?
2
Let c(l) = 790*l**3 + 7*l**2 - 10*l - 11. What are the prime factors of c(3)?
2, 17, 157
Let d(o) = -9*o + 6 - 4 + 14*o - 6*o. Let k be d(-3). Suppose 4*x + k*l = x + 187, 0 = 4*x - l - 257. List the prime factors of x.
2
Suppose -4*n - 2090 = -2*b, -3*n + n - 5201 = -5*b. Let o = 103 + b. List the prime factors of o.
2, 571
List the prime factors of (186790/15)/(2 + -2 - 44/(-66)).
18679
Let t(b) = 33*b**2 + 46*b + 325. List the prime factors of t(-10).
3, 5, 211
Suppose 79*d + 66*d = 231565. List the prime factors of d.
1597
Let y be ((-24)/(-16))/((-5)/(85170/(-9))). Suppose 13629 = 26*f + y. List the prime factors of f.
5, 83
Let j(c) = 173*c**2 + 91. List the prime factors of j(8).
3, 61
Suppose 3*k = 2*s + 4618, 4*k - 6*k + 3100 = 4*s. Let m = -103 + k. List the prime factors of m.
1439
Suppose -1 = -o + 2*o. Let k be 40/2 - (-5 - -20 - 20). List the prime factors of o - k/(-15) - 241/(-3).
3
Let w(q) be the third derivative of -1/2*q**3 + 5/4*q**4 - 44*q**2 + 0*q + 0. List the prime factors of w(6).
3, 59
Let b = -4726 - -8663. What are the prime factors of b?
31, 127
Let u = -396 + 407. Suppose -p - 2039 = u*n - 14*n, 20 = -4*p. What are the prime factors of n?
2, 3, 113
List the prime factors of (149778/(-371))/((24/(-231))/8).
2, 3, 11, 157
Let m(k) = 3*k**3 + 6*k**2 - 4*k - 6. Let t be m(-2). Suppose t = -2*i - 8, 3*i = 2*a - 669. List the prime factors of a.
3, 109
Suppose -m + 2*m - 879 = 0. Suppose c - 358 - m = 0. List the prime factors of c.
1237
Suppose 672*b - 671*b + d = 60255, -4*b - 3*d = -241024. What are the prime factors of b?
60259
Let i(p) = 7*p + 5. Let q be i(33). Suppose -2*w - 5*g + 191 = -27, -4*g - q = -2*w. What are the prime factors of w?
2, 3, 19
Suppose -5*p = 175 + 180. Let z = -31 - p. List the prime factors of z.
2, 5
Suppose -2*n = 2*m - 15638, 0 = 38*m - 39*m - 2*n + 7818. List the prime factors of m.
2, 5, 17, 23
Let x(n) = -n**3 - 7*n**2 - 6*n + 8. Let h be x(-6). Let p be -1*(h/24)/((-2)/(-54)). What are the prime factors of (6/p)/(14/(-4053))?
193
Let f(z) be the third derivative of -13*z**4/6 + 29*z**3/6 + 6*z**2. Let w be (9 + -10 + -2)*(3 + -2). List the prime factors of f(w).
5, 37
What are the prime factors of 78/312 - (0 + 101502/(-8))?
2, 13, 61
Let x(n) = -3*n - 8. Let w be x(-4). Suppose w*v = 7*v. What are the prime factors of -2 - (v + -4 + -31)?
3, 11
Let t = 8890 + -3277. Suppose -19*j + t + 4742 = 0. List the prime factors of j.
5, 109
Let z = -17020 + 28093. List the prime factors of z.
3, 3691
Suppose -5*n + 25 = 0, 339 = 5*q - 4*n + 74. Let u = 63 - q. List the prime factors of 392/u + 4/(-12).
5, 13
Suppose 667466 = 40*i - 90774. Suppose 0 = 43*z - 29*z - i. List the prime factors of z.
2, 677
Let f = 2279 + -1396. Suppose -2*s + 614 = 2*a, 3*a - 642 = -5*s + f. List the prime factors of s.
2, 151
Let v(g) be the first derivative of 50*g**3/3 + 3*g**2 - 2*g - 138. What are the prime factors of v(-2)?
2, 3, 31
Suppose 954 = 2*m - 150. Let p = m + -318. Suppose 4*q + f - 325 = 0, 3*f + 87 = 4*q - p. List the prime factors of q.
3
Let r = -678 + 698. Suppose 0 = -r*l + 21*l - 2*a - 1043, 5*l - 5170 = -5*a. List the prime factors of l.
17, 61
Let c = -11413 + 17848. List the prime factors of c.
3, 5, 11, 13
What are the prime factors of ((-1218250)/190)/(-11) + (-2)/(-19)?
11, 53
Let j = 255 + -257. List the prime factors of (7840/(-12))/5*(j + -1).
2, 7
Let x be 5*(-11)/((-275)/(-6610)). Let d = -653 - x. List the prime factors of d.
3, 223
Let u = -19 + 33. Let q be (12 - u)/(-1 - -2 - 2). Suppose -7*x + 580 = -q*x. What are the prime factors of x?
2, 29
Let z(s) = -8*s + 144. Let v be z(18). Suppose v = -34*b - 5*b + 12558. What are the prime factors of b?
2, 7, 23
Let y(f) be the second derivative of f**5/20 + 2*f**4/3 + f**3 + 5*f**2/2 - 29*f. Let b be y(-7). Suppose -b*j - 642 = -18*j. List the prime factors of j.
107
Let i(f) = -f**3 + 5*f**2 + 7*f - 6. Let x be (-35)/(-7) + -5 + 6*1. Let l be i(x). Suppose -205 = -5*v - l*v. What are the prime factors of v?
41
Suppose k - 918 = -50. Suppose 12*n - 10*n = k. Suppose -3*v = 5*x - n, -x + 4*x = 4*v + 272. List the prime factors of x.
2, 11
Suppose r - 3 = -3*a, 2 = -0*a - a. Let m = 94 - 58. Suppose 0*w - m = -r*w. List the prime factors of w.
2
Suppose -z - 8*u = 2*z - 140422, -2*z = 5*u - 93614. List the prime factors of z.
2, 7, 3343
Suppose -5*t + 0*d = -4*d + 1733, 2*t - 4*d + 686 = 0. Let z = 499 + t. List the prime factors of z.
2, 3, 5
Let d = 1589 - -3034. What are the prime factors of d?
3, 23, 67
Let p = 1777 + -446. List the prime factors of (p/(-242))/((-286)/284 - -1).
11, 71
Let l = 50899 - 24346. List the prime factors of l.
3, 53, 167
Let v(n) = n**2 + 29*n + 45. Let k be v(-29). Suppose b + 10 = 3*b. Suppose 3*t + 30 + k = 4*i, -b*t + 78 = 3*i. List the prime factors of i.
3, 7
Suppose -l + v - 156988 = -3*l, 2*v + 156976 = 2*l. List the prime factors of l.
2, 3, 31, 211
Suppose 4*h - 4*c = -8313 + 2949, 3*h + 2*c + 4048 = 0. Let u = h - -1953. What are the prime factors of u?
607
Let a = 129 + -137. What are the prime factors of (a/(-2) + -2)/((-9)/(-4446))?
2, 13, 19
Suppose -85*o + 1316903 - 353513 = -0*o. What are the prime factors of o?
2, 3, 1889
Let z(w) be the first derivative of -w**5/60 + 29*w**4/8 + 6*w**3 - 13. Let o(p) be the third derivative of z(p). What are the prime factors of o(0)?
3, 29
List the prime factors of -7 - (-4 + 18/(-3) + -12033).
2, 3, 17, 59
Suppose 4231 = -4*a + 847. List the prime factors of a/(-3) + 1/((-2)/(-2)).
283
Let g = -3 + 1. Let c(u) = 238*u**2 - 4*u - 4. Let f be c(g). Suppose -5*o - 2*b = -f, 0*b + 580 = 3*o - 2*b. List the prime factors of o.
2, 3
Suppose 3*w = -4*v + 13227, -15*w = -12*w + 9. Suppose v = 5*c - l, 0 = 3*c + l - 863 - 1124. What are the prime factors of c?
2, 331
Let p be (-1)/(-1)*-3 + 34 + -28. Let i be 18/(-12)*(-8)/(-6)*p. Let x(m) = m**3 + 7*m**2 - 10*m - 13. What are the prime factors of x(i)?
83
Let l(j) = j**3 - 36*j**2 + 9*j + 73. Let u be l(37). Suppose -9*f - h = -12*f + 1065, -5*f - h = -u. List the prime factors of f.
5, 71
Let q(l) = -12*l - 343. Let v be q(-29). Suppose 2*h - 5 = -9, 2*b - v*h = 1858. What are the prime factors of b?
2, 3, 7, 11
Let s(c) = c**3 + 7*c**2 - 9*c - 6. Let k = -22 + 14. Let z be s(k). List the prime factors of (-1*62)/((-4)/z).
31
Let p = 111 - 109. List the prime factors of (-21)/3 - (p - 429).
2, 3, 5, 7
Suppose -6*l - 5*f = -3*l - 51532, 4*l - 5*f - 68721 = 0. List the prime factors of l.
41, 419
Let d(m) = 25*m - 4*m - 2*m. Suppose -8*a - 38 + 94 = 0. List the prime factors of d(a).
7, 19
Let z = 33 - 13. Suppose -8*h + z = -4. Suppose 0 = -h*i + 168 + 69. What are the prime factors of i?
79
Let u(p) be the first derivative of -p**2 + 103*p - 32. List the prime factors of u(18).
67
Suppose -2*r - 2 = -2*j - 14, 3*j + 10 = r. Suppose 0*k - 5*k = -4*t + 1363, 2*t + r*k - 714 = 0. List the prime factors of t.
347
Let x be 329/63 + 2*2/(-18). Suppose -x*j - 3*z = -2666, -2*j - 3*z + 526 = -j. What are the prime factors of j?
5, 107
Suppose 2752 + 107 = 3*y + 6*h, 2*y = h + 1921. What are the prime factors of y?
7, 137
Let y = 1927 + 13938. What are the prime factors of y?
5, 19, 167
Let r = 7072 + 3537. What are the prime factors of r?
103
Let b be (-3)/(2/7 - 500/280). Suppose -2*t + 23 + 539 = -2*q, -b*q + 833 = 3*t. List the prime factors of t.
3, 31
Let k(o) = -o**3 + 25*o**2 + 28*o - 39. Let j be k(26). Let r(y) = 4*y**2 + 18*y - 7. What are the prime factors of r(j)?
3, 7, 43
Let a(h) = -41 + 10*h + 3 + 7*h - 35. What are the prime factors of a(15)?
2, 7, 13
Let b = 63 + -61. Let x(g) = -g + 26. Let n be x(22). Suppose c = -b*u + 123, u = -3*u - n*c + 240. List the prime factors of u.
3, 7
Let d(l) = -175 + 47*l + 79 - 61 + 65*l. What are the prime factors of d(7)?
3, 11, 19
Let f = -1 - -1. Let x(p) = -p**3 - 20*p**2 - 64*p + 80. Let k be x(-16). Suppose 3*r - 206 + k = f. List the prime factors of r.
2, 3, 7
Suppose -3*r + 4962 = 3*f, 2*r = f - 6*f + 8261. Let d = -85 + f. What are the prime factors of d?
2, 3, 29
List the prime factors of -44*(-3554)/24 - (-1)/3.
2, 3, 181
Let c(w) = w**3 + 4*w**2 + 14*w - 8. Let i be c(7). Suppose 125 - i = -36*d. List the prime factors of d